{"id":294,"date":"2018-04-04T08:38:18","date_gmt":"2018-04-04T08:38:18","guid":{"rendered":"https:\/\/penultimaversion.com\/enrique\/about\/"},"modified":"2021-09-18T22:42:52","modified_gmt":"2021-09-18T22:42:52","slug":"acerca-de-mi","status":"publish","type":"page","link":"https:\/\/penultimaversion.com\/enrique\/acerca-de-mi\/","title":{"rendered":"Acerca de m\u00ed"},"content":{"rendered":"\t\t<div data-elementor-type=\"wp-post\" data-elementor-id=\"294\" class=\"elementor elementor-294\" data-elementor-settings=\"[]\">\n\t\t\t\t\t\t<div class=\"elementor-inner\">\n\t\t\t\t\t\t\t<div class=\"elementor-section-wrap\">\n\t\t\t\t\t\t\t<section class=\"elementor-section elementor-top-section elementor-element elementor-element-1973d22 elementor-section-content-middle elementor-reverse-mobile elementor-reverse-tablet elementor-section-boxed elementor-section-height-default elementor-section-height-default\" data-id=\"1973d22\" data-element_type=\"section\">\n\t\t\t\t\t\t<div class=\"elementor-container elementor-column-gap-default\">\n\t\t\t\t\t\t\t<div class=\"elementor-row\">\n\t\t\t\t\t<div class=\"aux-parallax-section elementor-column elementor-col-50 elementor-top-column elementor-element elementor-element-2fbe103\" data-id=\"2fbe103\" data-element_type=\"column\">\n\t\t\t<div class=\"elementor-column-wrap elementor-element-populated\">\n\t\t\t\t\t\t\t<div class=\"elementor-widget-wrap\">\n\t\t\t\t\t\t<div class=\"elementor-element elementor-element-e7443fb elementor-widget elementor-widget-aux_modern_heading\" data-id=\"e7443fb\" data-element_type=\"widget\" data-widget_type=\"aux_modern_heading.default\">\n\t\t\t\t<div class=\"elementor-widget-container\">\n\t\t\t<section class=\"aux-widget-modern-heading\">\n            <div class=\"aux-widget-inner\"><h1 class=\"aux-modern-heading-primary\">Enrique S\u00e1nchez<\/h1><h3 class=\"aux-modern-heading-secondary\"><span class=\"aux-head-after\">Dise\u00f1ador gr\u00e1fico<\/span><\/h3><div class=\"aux-modern-heading-divider\"><\/div><\/div>\n        <\/section>\t\t<\/div>\n\t\t\t\t<\/div>\n\t\t\t\t<div class=\"elementor-element elementor-element-4fef931 elementor-drop-cap-yes elementor-drop-cap-view-default elementor-widget elementor-widget-text-editor\" data-id=\"4fef931\" data-element_type=\"widget\" data-settings=\"{&quot;drop_cap&quot;:&quot;yes&quot;}\" data-widget_type=\"text-editor.default\">\n\t\t\t\t<div class=\"elementor-widget-container\">\n\t\t\t\t\t\t\t\t<div class=\"elementor-text-editor elementor-clearfix\">\n\t\t\t\t<p>Soy licenciado en dise\u00f1o gr\u00e1fico egresado de la Universidad Iberoamericana.<br \/>Me he desarrollado profesionalmente en agencias de medios interactivos, estudios de dise\u00f1o gr\u00e1fico, agencias de publicidad e imprentas, as\u00ed como de manera independiente. En estos lugares he hecho de todo: digitalizaci\u00f3n de im\u00e1genes para la prensa, pre-prensa, originales mec\u00e1nicos, diagramaci\u00f3n, dise\u00f1o, direcci\u00f3n de arte y administraci\u00f3n de proyectos.<\/p><h2>Como independiente \/<br \/>Pen\u00faltima Versi\u00f3n<\/h2><h3>Direcci\u00f3n de arte, dise\u00f1o gr\u00e1fico, consultor\u00eda en medios interactivos, administraci\u00f3n de proyectos.<br \/>Desde 1999 a la fecha.<\/h3><p>Proyectos realizados para:<br \/>Amgen, Instituto Nacional para la Educaci\u00f3n de los Adultos, OSSAD, Autoridad del Espacio P\u00fablico del GDF, CODE Ingenier\u00eda, Grupo Piagui, Cumhisa, Fonatur, \u00c1bargon para Luz y Fuerza del Centro, Planeta Dagostini, Events, Especialistas en Eventos, Eurosoft, Boehringer Ingelheim Promeco, Museo Nacional de las Intervenciones, Wellogic, Global Knowledge, The Gartner Group, Inforay, Afianzadora Insurgentes, Renoir Consulting Group, Promoci\u00f3n y Operaci\u00f3n, SA. Prosa, Laboratorios Roche Syntex, Infonavit, Fonacot.<\/p><h2>Grado 1<\/h2><h3>Dise\u00f1o gr\u00e1fico, consultor\u00eda en medios interactivos e impresos.<br \/>2010. En colaboraci\u00f3n con Carlos Estrada.<\/h3><p>Proyectos realizados para:<br \/>Nine West M\u00e9xico, Westies, Grupo Piagui y Anne Klein.<\/p><h2>Vissualis<\/h2><h3>Dise\u00f1o gr\u00e1fico, consultor\u00eda en medios interactivos.<br \/>2003 a 2008. Bajo la direcci\u00f3n de Alejandro Familiar.<\/h3><p>Proyectos realizados para:<br \/>Revista M\u00e9dica Otorrino de la Fesormex, Revista del Instituto Mexicano de Ingenieros Qu\u00edmicos, Hoteles City Express, Gobierno de Tabasco, Usher, India-Mexico Business Chamber, Novidesa.<\/p><h2>Interimagen Interactiva<\/h2><h3>Direcci\u00f3n de arte senior. 2000.<br \/>Bajo la direcci\u00f3n de Nacho Cavero.<\/h3><p>Proyectos:<br \/>Interfut.com, Dodge M\u00e9xico.<\/p><h2>Triple W Infomedia<\/h2><h3>Dise\u00f1o de medios interactivos. 1999-2000.<br \/>Bajo la direcci\u00f3n de Ivo Ezeta<\/h3><p>Proyecto:<br \/>Tiempovivo.com.<\/p><h2>NextGen Internet<\/h2><h3>Dise\u00f1o de medios interactivos.<br \/>Noviembre 97 a septiembre 99.<\/h3><p><strong>Como Jefe de Producci\u00f3n de medios interactivos:<\/strong><\/p><p>General Motors de M\u00e9xico, Chevrolet, Pontiac y Cadillac.<\/p><p><strong>Bajo la direcci\u00f3n de Ivo Ezeta:<\/strong><\/p><p>General Motors de M\u00e9xico, EJKrause (ExpoComm Expo Manufactura, Expo de las Am\u00e9ricas, Powermex y ExpoComm\/Comdex Norte), Motorola, Coca Cola Femsa, Chesterton, Salton Maxim, Inc, Hotel Nikko M\u00e9xico, Ebel Internacional.<\/p><h2>Vissualis<\/h2><h3>Dise\u00f1o gr\u00e1fico. Noviembre 1996 a noviembre 1997.<br \/>Bajo la direcci\u00f3n de Alejandro Familiar.<\/h3><p>Proyectos para:<br \/>Domino\u2018s Pizza, Schering Plough, Secretar\u00eda de Fomento Econ\u00f3mico del Estado de Tabasco, Orbis, Universidad Iberoamericana.<\/p><h2>Cenit<\/h2><h3>Dise\u00f1o gr\u00e1fico y asesor\u00eda. Socio.<br \/>Febrero 95 &#8211; octubre 96.<\/h3><p>Clientes y proyectos:<br \/>Ingenieros Civiles Asociados, Plaza Lindavista, Lotto, Italian Sports Design.<\/p><h2>Sketch 6<\/h2><h3>Asesores en dise\u00f1o. Socio. Dise\u00f1o gr\u00e1fico y asesor\u00eda.<br \/>Noviembre 1991- enero 1995.<\/h3><p>Clientes y proyectos: Ingenieros Civiles Asociados, ICA, Imdosoc Instituto Mexicano de Doctrina Social Cristiana, ARNI, Futuro Pr\u00f3ximo, Banco del Sureste.<\/p>\t\t\t\t\t<\/div>\n\t\t\t\t\t\t<\/div>\n\t\t\t\t<\/div>\n\t\t\t\t\t\t<\/div>\n\t\t\t\t\t<\/div>\n\t\t<\/div>\n\t\t\t\t<div class=\"aux-parallax-section elementor-column elementor-col-50 elementor-top-column elementor-element elementor-element-5a8d05b aux-appear-watch-animation aux-scale-down\" data-id=\"5a8d05b\" data-element_type=\"column\">\n\t\t\t<div class=\"elementor-column-wrap elementor-element-populated\">\n\t\t\t\t\t\t\t<div class=\"elementor-widget-wrap\">\n\t\t\t\t\t\t<div class=\"elementor-element elementor-element-9259416 elementor-widget elementor-widget-aux_image\" data-id=\"9259416\" data-element_type=\"widget\" data-widget_type=\"aux_image.default\">\n\t\t\t\t<div class=\"elementor-widget-container\">\n\t\t\t<section class=\"widget-container aux-widget-image aux-alignnone aux-parent-au43db2240\" style=\"\" >\n    <div class=\"aux-media-hint-frame \">\n        <div class=\"aux-media-image \" >\n        \n            \n\n            \n            <img loading=\"lazy\" width=\"1024\" height=\"1024\" src=\"data:image\/gif;base64,R0lGODlhAQABAIAAAAAAAP\/\/\/yH5BAEAAAAALAAAAAABAAEAAAIBRAA7\" class=\"aux-attachment aux-featured-image aux-attachment-id-201 aux-preload aux-blank\" alt=\"FullSizeRender\" data-ratio=\"1\" data-original-w=\"1252\" sizes=\"auto\" data-srcset=\"https:\/\/penultimaversion.com\/enrique\/wp-content\/uploads\/2015\/09\/FullSizeRender-150x150.jpg 150w,https:\/\/penultimaversion.com\/enrique\/wp-content\/uploads\/2015\/09\/FullSizeRender-300x300.jpg 300w,https:\/\/penultimaversion.com\/enrique\/wp-content\/uploads\/2015\/09\/FullSizeRender.jpg 768w,https:\/\/penultimaversion.com\/enrique\/wp-content\/uploads\/2015\/09\/FullSizeRender-1024x1022.jpg 1024w,https:\/\/penultimaversion.com\/enrique\/wp-content\/uploads\/2015\/09\/FullSizeRender-1024x1022.jpg 1024w\" data-src=\"https:\/\/penultimaversion.com\/enrique\/wp-content\/uploads\/2015\/09\/FullSizeRender-1024x1022.jpg\" \/>            \n                <\/div>\n    <\/div>\n\n<\/section><!-- widget-container -->\t\t<\/div>\n\t\t\t\t<\/div>\n\t\t\t\t\t\t<\/div>\n\t\t\t\t\t<\/div>\n\t\t<\/div>\n\t\t\t\t\t\t\t\t<\/div>\n\t\t\t\t\t<\/div>\n\t\t<\/section>\n\t\t\t\t\t\t<\/div>\n\t\t\t\t\t\t<\/div>\n\t\t\t\t\t<\/div>\n\t\t","protected":false},"excerpt":{"rendered":"<p>Enrique S\u00e1nchez Dise\u00f1ador gr\u00e1fico Soy licenciado en dise\u00f1o gr\u00e1fico egresado de la Universidad Iberoamericana.Me he desarrollado profesionalmente en agencias de medios interactivos, estudios de dise\u00f1o gr\u00e1fico, agencias de publicidad e imprentas, as\u00ed como de manera independiente. En estos lugares he hecho de todo: digitalizaci\u00f3n de im\u00e1genes para la prensa, pre-prensa, originales mec\u00e1nicos, diagramaci\u00f3n, dise\u00f1o, direcci\u00f3n [&hellip;]<\/p>\n","protected":false},"author":1,"featured_media":0,"parent":0,"menu_order":0,"comment_status":"closed","ping_status":"closed","template":"templates\/page-builder-content.php","meta":[],"_links":{"self":[{"href":"https:\/\/penultimaversion.com\/enrique\/wp-json\/wp\/v2\/pages\/294"}],"collection":[{"href":"https:\/\/penultimaversion.com\/enrique\/wp-json\/wp\/v2\/pages"}],"about":[{"href":"https:\/\/penultimaversion.com\/enrique\/wp-json\/wp\/v2\/types\/page"}],"author":[{"embeddable":true,"href":"https:\/\/penultimaversion.com\/enrique\/wp-json\/wp\/v2\/users\/1"}],"replies":[{"embeddable":true,"href":"https:\/\/penultimaversion.com\/enrique\/wp-json\/wp\/v2\/comments?post=294"}],"version-history":[{"count":19,"href":"https:\/\/penultimaversion.com\/enrique\/wp-json\/wp\/v2\/pages\/294\/revisions"}],"predecessor-version":[{"id":393,"href":"https:\/\/penultimaversion.com\/enrique\/wp-json\/wp\/v2\/pages\/294\/revisions\/393"}],"wp:attachment":[{"href":"https:\/\/penultimaversion.com\/enrique\/wp-json\/wp\/v2\/media?parent=294"}],"curies":[{"name":"wp","href":"https:\/\/api.w.org\/{rel}","templated":true}]}}